{"id":117,"date":"2025-11-12T19:11:47","date_gmt":"2025-11-12T18:11:47","guid":{"rendered":"https:\/\/animaction76.wordpress.com\/?page_id=117"},"modified":"2026-01-19T19:08:08","modified_gmt":"2026-01-19T18:08:08","slug":"lassociation","status":"publish","type":"page","link":"https:\/\/animaction.club\/index.php\/lassociation\/","title":{"rendered":"L&rsquo;ASSOCIATION"},"content":{"rendered":"\n<p><\/p>\n\n\n\n\n\n<p class=\"has-medium-font-size\"><strong><em>POURQUOI VENIR CHEZ NOUS ?<\/em><\/strong><\/p>\n\n\n\n<p class=\"has-medium-font-size\">L&rsquo;association existe depuis de nombreuses ann\u00e9es et est tr\u00e8s fi\u00e8re de pouvoir compter plus de 600 adh\u00e9rents.<\/p>\n\n\n\n<p class=\"has-medium-font-size\">Depuis 2008, nous b\u00e9n\u00e9ficions de locaux adapt\u00e9s pour vous recevoir aux heures de permanence.<\/p>\n\n\n\n<p class=\"has-medium-font-size\">Anim&rsquo;action est une association loi 1901 qui a pour but de rassembler les personnes autour de diverses activit\u00e9s comme :<\/p>\n\n\n\n<ul class=\"wp-block-list\">\n<li class=\"has-medium-font-size\">6 niveaux de randonn\u00e9es<\/li>\n\n\n\n<li class=\"has-medium-font-size\">gym douce<\/li>\n\n\n\n<li class=\"has-medium-font-size\">gym soutenue<\/li>\n\n\n\n<li class=\"has-medium-font-size\">danse country<\/li>\n\n\n\n<li class=\"has-medium-font-size\">th\u00e9\u00e2tre<\/li>\n\n\n\n<li class=\"has-medium-font-size\">les langues (anglais, espagnol, italien)<\/li>\n\n\n\n<li class=\"has-medium-font-size\">g\u00e9n\u00e9alogie<\/li>\n\n\n\n<li class=\"has-medium-font-size\">dessin et peinture<\/li>\n\n\n\n<li class=\"has-medium-font-size\">peinture sur tissus<\/li>\n\n\n\n<li class=\"has-medium-font-size\">broderie<\/li>\n\n\n\n<li class=\"has-medium-font-size\">tricot<\/li>\n\n\n\n<li class=\"has-medium-font-size\">relaxation<\/li>\n\n\n\n<li class=\"has-medium-font-size\">billard fran\u00e7ais <\/li>\n\n\n\n<li class=\"has-medium-font-size\">tarot<\/li>\n\n\n\n<li class=\"has-medium-font-size\">cours d&rsquo;informatique 2 niveaux<\/li>\n\n\n\n<li class=\"has-medium-font-size\">cours de smartphone 2 niveaux<\/li>\n\n\n\n<li class=\"has-medium-font-size\">section photos et vid\u00e9os<\/li>\n\n\n\n<li class=\"has-medium-font-size\">biblioth\u00e8que<\/li>\n\n\n\n<li class=\"has-medium-font-size\">vente en fin d&rsquo;ann\u00e9e de chocolats, d&rsquo;huitres, d&rsquo;escargots, de parfum, de foie gras<\/li>\n\n\n\n<li class=\"has-medium-font-size\">atelier : apprendre \u00e0 pr\u00e9parer son foie gras<\/li>\n\n\n\n<li class=\"has-medium-font-size\">organisation de spectacles dans nos locaux<\/li>\n\n\n\n<li class=\"has-medium-font-size\">repr\u00e9sentations th\u00e9\u00e2trale dans nos locaux<\/li>\n\n\n\n<li class=\"has-medium-font-size\">expo photos<\/li>\n\n\n\n<li class=\"has-medium-font-size\">expo peinture<\/li>\n\n\n\n<li class=\"has-medium-font-size\">les sorties<\/li>\n\n\n\n<li class=\"has-medium-font-size\">les voyages<\/li>\n\n\n\n<li class=\"has-medium-font-size\">organisation de repas dansant : couscous, moules frites, harengs beaujolais, barbecue<\/li>\n\n\n\n<li class=\"has-medium-font-size\">participation \u00e0 Elbeuf sur f\u00eate<\/li>\n\n\n\n<li class=\"has-medium-font-size\">participation \u00e0 Seine d&rsquo;\u00e9t\u00e9<\/li>\n\n\n\n<li class=\"has-medium-font-size\">participation au centre social du Puchot<\/li>\n\n\n\n<li class=\"has-medium-font-size\">accueil d&rsquo;une vingtaine d&rsquo;enfants pour soutien scolaire<\/li>\n\n\n\n<li class=\"has-medium-font-size\">p\u00e8re No\u00ebl dans les \u00e9coles<\/li>\n\n\n\n<li class=\"has-medium-font-size\">la maintenance des locaux<\/li>\n\n\n\n<li class=\"has-medium-font-size\">formation secouriste<\/li>\n\n\n\n<li class=\"has-medium-font-size\">l&rsquo;accueil<\/li>\n<\/ul>\n\n\n\n<p class=\"has-medium-font-size\">Vous pouvez y venir vous inscrire, vous renseigner, acc\u00e9der \u00e0 notre biblioth\u00e8que qui compte plus de 6000 livres, pratiquer certaines activit\u00e9s ou encore venir aux festivit\u00e9s, aux sorties que nous organisons ponctuellement. Profitez toute l&rsquo;ann\u00e9e de la r\u00e9duction sur le contr\u00f4le technique auto (pour connaitre le centre auto, voir avec l&rsquo;accueil)<\/p>\n\n\n\n<p class=\"has-medium-font-size\">Les mairies d&rsquo;Elbeuf sur Seine et Saint Aubin Les Elbeuf nous mettent \u00e0 disposition leurs salles de sport pour certaines de nos activit\u00e9s.<\/p>\n\n\n\n<p class=\"has-medium-font-size\">Si vous avez besoin de contact, si vous avez du temps libre et que vous aimez la convivialit\u00e9, <\/p>\n\n\n\n<p class=\"has-medium-font-size\">rejoignez nous !<\/p>\n\n\n\n<p class=\"has-medium-font-size\">Pour une cotisation de seulement 37 \u20ac pour l&rsquo;ann\u00e9e 2026 (du 1er janvier au 31 d\u00e9cembre), vous pouvez participer aux 40 activit\u00e9s \u00e0 votre disposition.<\/p>\n\n\n\n<p class=\"has-medium-font-size\">N&rsquo;h\u00e9sitez plus, donnez votre adresse mail \u00e0 l&rsquo;accueil lors de votre inscription, <\/p>\n\n\n\n<p class=\"has-medium-font-size\">pour recevoir toutes les derni\u00e8res informations.<\/p>\n\n\n\n<div style=\"height:53px\" aria-hidden=\"true\" class=\"wp-block-spacer\"><\/div>\n\n\n\n<p class=\"has-text-align-left has-medium-font-size\"><\/p>\n\n\n\n<p class=\"has-text-align-right has-medium-font-size\"><\/p>\n\n\n\n\n\n<p><\/p>\n","protected":false},"excerpt":{"rendered":"<p>POURQUOI VENIR CHEZ NOUS ? L&rsquo;association existe depuis de nombreuses ann\u00e9es et est tr\u00e8s fi\u00e8re de pouvoir compter plus de 600 adh\u00e9rents. Depuis 2008, nous b\u00e9n\u00e9ficions de locaux adapt\u00e9s pour vous recevoir aux heures de permanence. Anim&rsquo;action est une association loi 1901 qui a pour but de rassembler les personnes autour de diverses activit\u00e9s comme [&hellip;]<\/p>\n","protected":false},"author":1,"featured_media":147,"parent":0,"menu_order":0,"comment_status":"closed","ping_status":"closed","template":"","meta":{"ocean_post_layout":"","ocean_both_sidebars_style":"","ocean_both_sidebars_content_width":0,"ocean_both_sidebars_sidebars_width":0,"ocean_sidebar":"","ocean_second_sidebar":"","ocean_disable_margins":"enable","ocean_add_body_class":"","ocean_shortcode_before_top_bar":"","ocean_shortcode_after_top_bar":"","ocean_shortcode_before_header":"","ocean_shortcode_after_header":"","ocean_has_shortcode":"","ocean_shortcode_after_title":"","ocean_shortcode_before_footer_widgets":"","ocean_shortcode_after_footer_widgets":"","ocean_shortcode_before_footer_bottom":"","ocean_shortcode_after_footer_bottom":"","ocean_display_top_bar":"default","ocean_display_header":"default","ocean_header_style":"","ocean_center_header_left_menu":"","ocean_custom_header_template":"","ocean_custom_logo":0,"ocean_custom_retina_logo":0,"ocean_custom_logo_max_width":0,"ocean_custom_logo_tablet_max_width":0,"ocean_custom_logo_mobile_max_width":0,"ocean_custom_logo_max_height":0,"ocean_custom_logo_tablet_max_height":0,"ocean_custom_logo_mobile_max_height":0,"ocean_header_custom_menu":"","ocean_menu_typo_font_family":"","ocean_menu_typo_font_subset":"","ocean_menu_typo_font_size":0,"ocean_menu_typo_font_size_tablet":0,"ocean_menu_typo_font_size_mobile":0,"ocean_menu_typo_font_size_unit":"px","ocean_menu_typo_font_weight":"","ocean_menu_typo_font_weight_tablet":"","ocean_menu_typo_font_weight_mobile":"","ocean_menu_typo_transform":"","ocean_menu_typo_transform_tablet":"","ocean_menu_typo_transform_mobile":"","ocean_menu_typo_line_height":0,"ocean_menu_typo_line_height_tablet":0,"ocean_menu_typo_line_height_mobile":0,"ocean_menu_typo_line_height_unit":"","ocean_menu_typo_spacing":0,"ocean_menu_typo_spacing_tablet":0,"ocean_menu_typo_spacing_mobile":0,"ocean_menu_typo_spacing_unit":"","ocean_menu_link_color":"","ocean_menu_link_color_hover":"","ocean_menu_link_color_active":"","ocean_menu_link_background":"","ocean_menu_link_hover_background":"","ocean_menu_link_active_background":"","ocean_menu_social_links_bg":"","ocean_menu_social_hover_links_bg":"","ocean_menu_social_links_color":"","ocean_menu_social_hover_links_color":"","ocean_disable_title":"default","ocean_disable_heading":"default","ocean_post_title":"","ocean_post_subheading":"","ocean_post_title_style":"","ocean_post_title_background_color":"","ocean_post_title_background":0,"ocean_post_title_bg_image_position":"","ocean_post_title_bg_image_attachment":"","ocean_post_title_bg_image_repeat":"","ocean_post_title_bg_image_size":"","ocean_post_title_height":0,"ocean_post_title_bg_overlay":0.5,"ocean_post_title_bg_overlay_color":"","ocean_disable_breadcrumbs":"default","ocean_breadcrumbs_color":"","ocean_breadcrumbs_separator_color":"","ocean_breadcrumbs_links_color":"","ocean_breadcrumbs_links_hover_color":"","ocean_display_footer_widgets":"default","ocean_display_footer_bottom":"default","ocean_custom_footer_template":"","footnotes":""},"class_list":["post-117","page","type-page","status-publish","has-post-thumbnail","hentry","entry","has-media"],"_links":{"self":[{"href":"https:\/\/animaction.club\/index.php\/wp-json\/wp\/v2\/pages\/117","targetHints":{"allow":["GET"]}}],"collection":[{"href":"https:\/\/animaction.club\/index.php\/wp-json\/wp\/v2\/pages"}],"about":[{"href":"https:\/\/animaction.club\/index.php\/wp-json\/wp\/v2\/types\/page"}],"author":[{"embeddable":true,"href":"https:\/\/animaction.club\/index.php\/wp-json\/wp\/v2\/users\/1"}],"replies":[{"embeddable":true,"href":"https:\/\/animaction.club\/index.php\/wp-json\/wp\/v2\/comments?post=117"}],"version-history":[{"count":27,"href":"https:\/\/animaction.club\/index.php\/wp-json\/wp\/v2\/pages\/117\/revisions"}],"predecessor-version":[{"id":1124,"href":"https:\/\/animaction.club\/index.php\/wp-json\/wp\/v2\/pages\/117\/revisions\/1124"}],"wp:featuredmedia":[{"embeddable":true,"href":"https:\/\/animaction.club\/index.php\/wp-json\/"}],"wp:attachment":[{"href":"https:\/\/animaction.club\/index.php\/wp-json\/wp\/v2\/media?parent=117"}],"curies":[{"name":"wp","href":"https:\/\/api.w.org\/{rel}","templated":true}]}}