{"id":435,"date":"2025-12-01T19:37:14","date_gmt":"2025-12-01T18:37:14","guid":{"rendered":"https:\/\/animaction76.wordpress.com\/?page_id=435"},"modified":"2026-04-08T20:36:14","modified_gmt":"2026-04-08T18:36:14","slug":"cours-smartphone-iphone","status":"publish","type":"page","link":"https:\/\/animaction.club\/index.php\/informatique-2\/cours-smartphone-iphone\/","title":{"rendered":"Cours Smartphone \/ Iphone"},"content":{"rendered":"<div class=\"wp-block-image\">\n<figure class=\"aligncenter size-full is-resized\"><img loading=\"lazy\" decoding=\"async\" width=\"1032\" height=\"974\" src=\"https:\/\/animaction.club\/wp-content\/uploads\/2025\/12\/Screenshot_20251213_134534_Chrome.jpg\" alt=\"\" class=\"wp-image-614\" style=\"aspect-ratio:1.0595914035553198;width:470px;height:auto\" srcset=\"https:\/\/animaction.club\/wp-content\/uploads\/2025\/12\/Screenshot_20251213_134534_Chrome.jpg 1032w, https:\/\/animaction.club\/wp-content\/uploads\/2025\/12\/Screenshot_20251213_134534_Chrome-300x283.jpg 300w, https:\/\/animaction.club\/wp-content\/uploads\/2025\/12\/Screenshot_20251213_134534_Chrome-1024x966.jpg 1024w, https:\/\/animaction.club\/wp-content\/uploads\/2025\/12\/Screenshot_20251213_134534_Chrome-768x725.jpg 768w\" sizes=\"auto, (max-width: 1032px) 100vw, 1032px\" \/><\/figure>\n<\/div>\n\n\n<figure class=\"wp-block-table has-medium-font-size\"><table class=\"has-border-color has-white-border-color has-fixed-layout\"><tbody><tr><td class=\"has-text-align-center\" data-align=\"center\"><strong>DESCRIPTIF<\/strong><\/td><\/tr><tr><td class=\"has-text-align-center\" data-align=\"center\">Vous souhaitez apprendre \u00e0 utiliser votre t\u00e9l\u00e9phone tactile,<br>en tant que d\u00e9butant,<br>ou en savoir plus sur tout ce que l&rsquo;on peut faire avec,<br>venez nous rejoindre.<\/td><\/tr><tr><td class=\"has-text-align-center\" data-align=\"center\"><\/td><\/tr><tr><td class=\"has-text-align-center\" data-align=\"center\"><strong>HORAIRES<\/strong><\/td><\/tr><tr><td class=\"has-text-align-center\" data-align=\"center\">Les mardis et mercredis des semaines paires<br>niveau d\u00e9butant le mardi<br>de 9h45 \u00e0 11h30<br><br>niveau plus fort le mercredi<br>de 10h \u00e0 11h45<br>dans nos locaux.<br>voir le calendrier ci-joint<\/td><\/tr><\/tbody><\/table><\/figure>\n\n\n\n<div data-wp-interactive=\"core\/file\" class=\"wp-block-file aligncenter\"><object data-wp-bind--hidden=\"!state.hasPdfPreview\" hidden class=\"wp-block-file__embed\" data=\"https:\/\/animaction.club\/wp-content\/uploads\/2026\/04\/DATES-COURS-TELEPHONE-janvier-a-juin-2026.pdf\" type=\"application\/pdf\" style=\"width:100%;height:1150px\" aria-label=\"Contenu embarqu\u00e9 DATES COURS TELEPHONE janvier a juin 2026.\"><\/object><a id=\"wp-block-file--media-5e2ef5a8-bb42-4476-a2dd-6847c2ceaf22\" href=\"https:\/\/animaction.club\/wp-content\/uploads\/2026\/04\/DATES-COURS-TELEPHONE-janvier-a-juin-2026.pdf\">DATES COURS TELEPHONE janvier a juin 2026<\/a><a href=\"https:\/\/animaction.club\/wp-content\/uploads\/2026\/04\/DATES-COURS-TELEPHONE-janvier-a-juin-2026.pdf\" class=\"wp-block-file__button wp-element-button\" download aria-describedby=\"wp-block-file--media-5e2ef5a8-bb42-4476-a2dd-6847c2ceaf22\">T\u00e9l\u00e9charger<\/a><\/div>\n\n\n\n<hr class=\"wp-block-separator has-alpha-channel-opacity\"\/>\n\n\n\n<div data-wp-interactive=\"core\/file\" class=\"wp-block-file aligncenter\"><object data-wp-bind--hidden=\"!state.hasPdfPreview\" hidden class=\"wp-block-file__embed\" data=\"https:\/\/animaction.club\/wp-content\/uploads\/2026\/01\/cours-smartphone.pdf\" type=\"application\/pdf\" style=\"width:100%;height:1790px\" aria-label=\"Contenu embarqu\u00e9 cours smartphone.\"><\/object><a id=\"wp-block-file--media-5a18655c-00c9-473e-9dce-b12a97fdc82f\" href=\"https:\/\/animaction.club\/wp-content\/uploads\/2026\/01\/cours-smartphone.pdf\">cours smartphone<\/a><a href=\"https:\/\/animaction.club\/wp-content\/uploads\/2026\/01\/cours-smartphone.pdf\" class=\"wp-block-file__button wp-element-button\" download aria-describedby=\"wp-block-file--media-5a18655c-00c9-473e-9dce-b12a97fdc82f\">T\u00e9l\u00e9charger<\/a><\/div>\n","protected":false},"excerpt":{"rendered":"<p>DESCRIPTIF Vous souhaitez apprendre \u00e0 utiliser votre t\u00e9l\u00e9phone tactile,en tant que d\u00e9butant,ou en savoir plus sur tout ce que l&rsquo;on peut faire avec,venez nous rejoindre. HORAIRES Les mardis et mercredis des semaines pairesniveau d\u00e9butant le mardide 9h45 \u00e0 11h30 niveau plus fort le mercredide 10h \u00e0 11h45dans nos locaux.voir le calendrier ci-joint<\/p>\n","protected":false},"author":1,"featured_media":0,"parent":386,"menu_order":0,"comment_status":"closed","ping_status":"closed","template":"","meta":{"ocean_post_layout":"","ocean_both_sidebars_style":"","ocean_both_sidebars_content_width":0,"ocean_both_sidebars_sidebars_width":0,"ocean_sidebar":"","ocean_second_sidebar":"","ocean_disable_margins":"enable","ocean_add_body_class":"","ocean_shortcode_before_top_bar":"","ocean_shortcode_after_top_bar":"","ocean_shortcode_before_header":"","ocean_shortcode_after_header":"","ocean_has_shortcode":"","ocean_shortcode_after_title":"","ocean_shortcode_before_footer_widgets":"","ocean_shortcode_after_footer_widgets":"","ocean_shortcode_before_footer_bottom":"","ocean_shortcode_after_footer_bottom":"","ocean_display_top_bar":"default","ocean_display_header":"default","ocean_header_style":"","ocean_center_header_left_menu":"","ocean_custom_header_template":"","ocean_custom_logo":0,"ocean_custom_retina_logo":0,"ocean_custom_logo_max_width":0,"ocean_custom_logo_tablet_max_width":0,"ocean_custom_logo_mobile_max_width":0,"ocean_custom_logo_max_height":0,"ocean_custom_logo_tablet_max_height":0,"ocean_custom_logo_mobile_max_height":0,"ocean_header_custom_menu":"","ocean_menu_typo_font_family":"","ocean_menu_typo_font_subset":"","ocean_menu_typo_font_size":0,"ocean_menu_typo_font_size_tablet":0,"ocean_menu_typo_font_size_mobile":0,"ocean_menu_typo_font_size_unit":"px","ocean_menu_typo_font_weight":"","ocean_menu_typo_font_weight_tablet":"","ocean_menu_typo_font_weight_mobile":"","ocean_menu_typo_transform":"","ocean_menu_typo_transform_tablet":"","ocean_menu_typo_transform_mobile":"","ocean_menu_typo_line_height":0,"ocean_menu_typo_line_height_tablet":0,"ocean_menu_typo_line_height_mobile":0,"ocean_menu_typo_line_height_unit":"","ocean_menu_typo_spacing":0,"ocean_menu_typo_spacing_tablet":0,"ocean_menu_typo_spacing_mobile":0,"ocean_menu_typo_spacing_unit":"","ocean_menu_link_color":"","ocean_menu_link_color_hover":"","ocean_menu_link_color_active":"","ocean_menu_link_background":"","ocean_menu_link_hover_background":"","ocean_menu_link_active_background":"","ocean_menu_social_links_bg":"","ocean_menu_social_hover_links_bg":"","ocean_menu_social_links_color":"","ocean_menu_social_hover_links_color":"","ocean_disable_title":"default","ocean_disable_heading":"default","ocean_post_title":"","ocean_post_subheading":"","ocean_post_title_style":"","ocean_post_title_background_color":"","ocean_post_title_background":0,"ocean_post_title_bg_image_position":"","ocean_post_title_bg_image_attachment":"","ocean_post_title_bg_image_repeat":"","ocean_post_title_bg_image_size":"","ocean_post_title_height":0,"ocean_post_title_bg_overlay":0.5,"ocean_post_title_bg_overlay_color":"","ocean_disable_breadcrumbs":"default","ocean_breadcrumbs_color":"","ocean_breadcrumbs_separator_color":"","ocean_breadcrumbs_links_color":"","ocean_breadcrumbs_links_hover_color":"","ocean_display_footer_widgets":"default","ocean_display_footer_bottom":"default","ocean_custom_footer_template":"","footnotes":""},"class_list":["post-435","page","type-page","status-publish","hentry","entry"],"_links":{"self":[{"href":"https:\/\/animaction.club\/index.php\/wp-json\/wp\/v2\/pages\/435","targetHints":{"allow":["GET"]}}],"collection":[{"href":"https:\/\/animaction.club\/index.php\/wp-json\/wp\/v2\/pages"}],"about":[{"href":"https:\/\/animaction.club\/index.php\/wp-json\/wp\/v2\/types\/page"}],"author":[{"embeddable":true,"href":"https:\/\/animaction.club\/index.php\/wp-json\/wp\/v2\/users\/1"}],"replies":[{"embeddable":true,"href":"https:\/\/animaction.club\/index.php\/wp-json\/wp\/v2\/comments?post=435"}],"version-history":[{"count":12,"href":"https:\/\/animaction.club\/index.php\/wp-json\/wp\/v2\/pages\/435\/revisions"}],"predecessor-version":[{"id":1296,"href":"https:\/\/animaction.club\/index.php\/wp-json\/wp\/v2\/pages\/435\/revisions\/1296"}],"up":[{"embeddable":true,"href":"https:\/\/animaction.club\/index.php\/wp-json\/wp\/v2\/pages\/386"}],"wp:attachment":[{"href":"https:\/\/animaction.club\/index.php\/wp-json\/wp\/v2\/media?parent=435"}],"curies":[{"name":"wp","href":"https:\/\/api.w.org\/{rel}","templated":true}]}}